alculate the greatest common factor of h and m.
1
Let g be (756/(-15))/(126/(-20) + 6). What is the greatest common divisor of g and 21?
21
Suppose -4*c - 2*r + 0*r + 6 = 0, -4*r - 27 = -5*c. Suppose -183 = -3*b - c*o, -b + 3*o = o - 76. Calculate the greatest common factor of 11 and b.
11
Suppose -1 = 4*x - 25. Let j(d) = -13*d + 186. Let f be j(12). Calculate the greatest common factor of x and f.
6
Suppose -108 = -4*y + 2*d, 2*d + 137 = 4*y + y. Let k be 1/((-1)/6) + 8. Suppose -k*x + y = -97. Calculate the highest common divisor of 42 and x.
21
Let v(y) = -14*y - 156. Let p be v(-22). What is the greatest common divisor of 4 and p?
4
Let t be (42/(-20) - (-12)/(-30))*-126. What is the highest common factor of 15 and t?
15
Suppose -30*m + 266 = -634. Calculate the greatest common factor of m and 300.
30
Let a(o) = o**2 + 2*o + 3. Let b be a(0). Suppose -14 = b*r - 86. Calculate the highest common factor of 6 and r.
6
Let l(o) = 54*o**2 + 6*o + 3. Let r be l(-4). Let w be r/13 + (22/(-26) - -1). Calculate the highest common factor of w and 13.
13
Let z = -15 - -67. Let q be (-32)/(-2) + (5 - 8). Calculate the highest common factor of q and z.
13
Suppose -18*f = -13*f - 270. Let q(t) = -70*t - 5. Let c be q(-2). Calculate the greatest common factor of f and c.
27
Let m(i) = -i**3 - 11*i**2 - 19*i + 4. Let z be m(-9). What is the greatest common divisor of z and 52?
13
Suppose -51 = -2*j - 5*h + 93, -216 = -3*j + 5*h. Let k = 35 + 2. Suppose k = 4*w + r, -4*w + w = 4*r - 31. Calculate the greatest common divisor of j and w.
9
Suppose h - k - 8 = 0, -8*k + 16 = 3*h - 13*k. What is the highest common divisor of h and 114?
6
Let u(f) = 3*f**2 + 3*f - 4. Let w be (12/(-18)*(-9)/(-2))/1. Let o be u(w). What is the highest common factor of 126 and o?
14
Let x be 11 + -1 + (4 - 2). Let k = -14 - -26. Let a be 142/k + 4/24. What is the highest common factor of x and a?
12
Let o(n) = n**2 + 26*n + 25. Let t be o(-26). Let a = -1 + 4. Suppose 2*m - 50 = -a*m. What is the highest common divisor of t and m?
5
Let k(f) = -2*f**3 + 9*f + 5. Let l be k(-3). What is the highest common factor of l and 80?
16
Let d = 55 - 50. Let t be -1 - (2 + -4)*d. Calculate the greatest common factor of 9 and t.
9
Let z be ((-9)/(-1))/54 + (-2009)/(-6). What is the greatest common factor of z and 67?
67
Suppose 4*b - 205 = -5*g, 5*b + 2*g - 248 = 4*g. Calculate the highest common divisor of 550 and b.
50
Let w = 41 + -38. Suppose 196 = 4*a + 4*l, 3*a + w*l + 69 = 4*a. What is the greatest common factor of 6 and a?
6
Suppose -b = -4*b + 3, -3*b + 255 = 2*v. What is the highest common factor of 90 and v?
18
Let a be (-186)/18 - (-1)/((-3)/2). Let j = a + 19. Calculate the highest common divisor of j and 2.
2
Let c = 126 + -113. Suppose -c = -v + 3. What is the greatest common divisor of v and 176?
16
Let f = 7 + 17. Suppose -18 - f = -6*s. Suppose s*n - 240 = 3*n. What is the highest common divisor of n and 24?
12
Suppose -3*f - 6*c + 3 = -3*c, 5 = f - 3*c. Suppose -f*g + g = 13. Let v = g + 17. What is the highest common factor of 40 and v?
4
Suppose 0 = p - 2*k - 26, -7*k + 6 = p - 4*k. Calculate the greatest common factor of p and 450.
18
Suppose -2*d = -o + 7 + 13, 3*o + d = 25. Let v = 6 + 9. Let w = v - 11. What is the highest common divisor of w and o?
2
Suppose -2*r + 120 = 7*c - 5*c, 3*r + 2*c - 183 = 0. What is the highest common divisor of r and 9?
9
Let m = -78 - -81. Suppose -b = -0*b + 4*t - 35, -t + 35 = 2*b. Calculate the greatest common divisor of b and m.
3
Let s(k) = -12*k - 6. Let c be s(-4). Suppose 4*g - 2*g + c = 0. Let t be -5*(g/15 - 3). Calculate the highest common factor of 2 and t.
2
Let n(w) = -w**3 - 11*w**2 - 13*w - 21. Let r be n(-10). What is the greatest common divisor of 99 and r?
9
Let f(h) = h**2 + 34*h + 127. Let o be f(-4). What is the highest common divisor of o and 175?
7
Suppose 0 = 2*k + 12*k - 28. Calculate the highest common divisor of 54 and k.
2
Let a = -151 + 206. Calculate the highest common divisor of 22 and a.
11
Suppose 25*z + 2 = 27*z. Let d be (15 + -3)/(z + 34/(-36)). What is the highest common factor of d and 24?
24
Let p = -13 + 18. Suppose -2*t + p + 71 = 0. Suppose 3*f = 4*f - t. Calculate the greatest common divisor of 19 and f.
19
Let r(p) = -9*p**2 - 3*p + 7. Let g be r(5). Let q = g + 387. Let l(s) = -3*s - 4. Let v be l(-6). What is the highest common factor of q and v?
14
Suppose 3 + 15 = -9*q. Let f = 62 + q. Calculate the greatest common factor of f and 40.
20
Suppose -2*v = 3*d - 1280, -4*v = -3*d + 1631 - 339. What is the highest common divisor of d and 963?
107
Suppose 4*n + n = 5*g - 5, 0 = 4*g + 5*n + 14. Let x be (g + 56)*2 - -2. Calculate the highest common divisor of 16 and x.
16
Suppose 0 = -50*g + 2005 + 4145. What is the highest common divisor of g and 164?
41
Suppose 4*q - 189 = 107. Let o = 876 + -691. What is the greatest common factor of o and q?
37
Suppose -77*q + 83*q = 192. Calculate the greatest common factor of q and 200.
8
Let q(t) = 6*t**3 - 21*t**2 - 7*t + 8. Let k be q(5). Let u = 21 + -6. Let a = 3 + u. Calculate the greatest common divisor of k and a.
18
Let p = -204 + 340. Calculate the highest common factor of 119 and p.
17
Let b be (-4)/(-6) + (-163)/(-3). Let w = 290 - 285. Suppose -b = -7*u + 4*u - 5*t, -5*t = w*u - 95. What is the greatest common divisor of u and 100?
20
Suppose 5*u - 10 = -0. Let f(v) = v**2 + 3*v - 2. Let b be f(u). Let g(l) = 13*l**2 + 4*l + 12. Let x be g(-2). What is the highest common factor of x and b?
8
Suppose z + 8 + 4 = -5*v, 4*v = -z - 11. Let a(w) = w**3 + 5*w**2 - 3*w - 14. Let x be a(z). Let c = -14 - x. What is the greatest common factor of 11 and c?
11
Let l(s) = 6*s - 30. Let w be l(7). Let t be ((-11)/(-33))/(1/w). What is the highest common divisor of t and 32?
4
Suppose -2*r + 124 = -5*c, -164*r + 165*r - 5*c = 62. Calculate the highest common divisor of r and 434.
62
Let n = 1397 + -1341. What is the highest common divisor of 896 and n?
56
Let a be 1*-3 + 39 + 0 + -7. What is the greatest common factor of 232 and a?
29
Suppose 5*p - 49 = 56. Let i be 13/(-26) + (-50)/(-4). Let m = -9 + i. What is the greatest common divisor of m and p?
3
Let g(h) = -18*h + 232. Let t be g(11). Calculate the highest common divisor of 68 and t.
34
Suppose 0 = -2*l - 2*v + 12, -5*v - 10 = -3*l - 2*l. Let i = -1 - -3. What is the highest common divisor of l and i?
2
Suppose -b = -2 - 2. Let q be b + 0 + -3 - -2. Suppose -q*m = 2*g - 49, -m + 45 = 3*g - 6*m. What is the highest common factor of g and 10?
10
Suppose g + 4*d = 5*g - 496, 464 = 4*g + 4*d. Suppose -4*x + 5*y + 145 = 0, 4*x + 0*x = -2*y + 110. What is the highest common divisor of g and x?
30
Let x(w) = 55*w**3 + 2*w - 3. Let f be x(1). Let p = f - 37. Calculate the highest common divisor of 187 and p.
17
Let z be 12*(106/6 - 8). Calculate the highest common divisor of z and 4.
4
Let m(g) = g**2 + g + 10. Suppose -1 + 6 = b, 4*d + b - 33 = 0. Let s be m(d). What is the highest common divisor of 66 and s?
66
Suppose m - 40 = -5*k, 5*k + m + m - 35 = 0. Suppose 0 = -n - 2*n + 54. Calculate the greatest common factor of k and n.
9
Let s(x) = 3*x**2 + 2*x - 1. Let z be s(-10). What is the highest common factor of z and 18?
9
Let t(s) = -s**3 + 2*s**2 - s. Let k be t(1). Suppose k = -4*j + 16, -4*b + j = -0*j - 140. What is the greatest common divisor of 9 and b?
9
Let l be 4/(-10) + (-8 - 14644/(-35)). What is the greatest common divisor of l and 656?
82
Let k = -12 - -15. Suppose 2*f - 42 = -4*y, -3*y + 18 = -2*y + 3*f. Suppose y*g - k = 8*g. Calculate the greatest common factor of 6 and g.
3
Suppose u - 6*a - 276 = -5*a, -4*u - 3*a = -1125. Let o = -50 - -81. What is the highest common divisor of u and o?
31
Let a(r) = -r**2 - 2*r + 1. Let y be a(-3). Let t be (-660)/((27/y)/9). Calculate the greatest common factor of t and 40.
40
Let j(x) = x**3 - 19*x**2 - 42*x + 16. Let l be j(21). What is the greatest common factor of 16 and l?
16
Let l be -3 + 7/4 - 125/(-4). Calculate the highest common factor of 375 and l.
15
Let f = 83 - 35. What is the greatest common factor of 48 and f?
48
Suppose -14904 = -34*m - 38*m. Calculate the greatest common divisor of 27 and m.
9
Let w(h) = -h**2 + 11*h - 2. Let